ber?
False
Is 4987 a prime number?
True
Is 5981 a composite number?
False
Is 1511 a prime number?
True
Is 7621 composite?
False
Is 2309 a composite number?
False
Is 18247 prime?
False
Is 2669 a composite number?
True
Is 242407 a prime number?
False
Is 997687 prime?
False
Is 32749 prime?
True
Is 4637 prime?
True
Is 34309 a composite number?
True
Is 1000763 composite?
False
Is 422 prime?
False
Is 2767 a prime number?
True
Is 221549 composite?
False
Is 31747 a composite number?
True
Is 83469 a composite number?
True
Is 77771 a prime number?
False
Is 149 prime?
True
Is 30079 prime?
False
Is 71417 a composite number?
True
Is 5471 a prime number?
True
Is 561917 composite?
False
Is 830963 a composite number?
True
Is 1945 composite?
True
Is 164963 prime?
True
Is 78487 prime?
True
Is 85367 prime?
False
Is 27341 prime?
False
Is 2791393 a composite number?
True
Is 520529 prime?
True
Is 989 composite?
True
Is 307 composite?
False
Is 976681 a composite number?
True
Is 6711 composite?
True
Is 403685 prime?
False
Is 12707 a prime number?
False
Is 253 composite?
True
Is 199097 composite?
True
Is 207457 a composite number?
False
Is 1529 composite?
True
Is 737327 a prime number?
True
Is 66077 a composite number?
True
Is 4511 composite?
True
Is 11783 a composite number?
False
Is 1855993 composite?
False
Is 23699 a composite number?
True
Is 36791 composite?
False
Is 9935 a composite number?
True
Is 1114 a prime number?
False
Is 40739 a composite number?
False
Is 1353449 prime?
True
Is 1460567 prime?
True
Is 11369 a composite number?
False
Is 27179 a composite number?
False
Is 188677 a prime number?
True
Is 247001 a prime number?
True
Is 15817 prime?
True
Is 8929 composite?
False
Is 1159105 a prime number?
False
Is 4025199 a composite number?
True
Is 252917 a composite number?
True
Is 3659 a composite number?
False
Is 1373 a prime number?
True
Is 10031 a prime number?
False
Is 367819 composite?
False
Is 67109 composite?
True
Is 22613 composite?
False
Is 1559 composite?
False
Is 3810577 a prime number?
True
Is 17623 a prime number?
True
Is 460673 a prime number?
True
Is 8441 prime?
False
Is 4054 a composite number?
True
Is 1061787 a composite number?
True
Is 331 a prime number?
True
Is 51631 a composite number?
False
Is 5489 a composite number?
True
Is 1223098 prime?
False
Is 92977 a prime number?
False
Is 9797 prime?
False
Is 671 a prime number?
False
Is 1657 a prime number?
True
Is 325627 prime?
True
Is 13306 prime?
False
Is 73913 a composite number?
True
Is 431213 prime?
True
Is 111277 prime?
False
Is 71594 composite?
True
Is 33377 prime?
True
Is 4783 composite?
False
Is 39499 prime?
True
Is 18859 prime?
True
Is 38123 a prime number?
False
Is 23995 composite?
True
Is 422021 prime?
False
Is 3295 a composite number?
True
Is 2495599 a composite number?
False
Is 108343 prime?
True
Is 7717 a composite number?
False
Is 413737 a composite number?
False
Is 731069 a composite number?
True
Is 337741 prime?
True
Is 28451 composite?
True
Is 59713 a prime number?
False
Is 272683 composite?
False
Is 77929 composite?
False
Is 79609 a composite number?
False
Is 33047 prime?
False
Is 3865 prime?
False
Is 7621 a prime number?
True
Is 11771 prime?
False
Is 6779 composite?
False
Is 29527 prime?
True
Is 335207 a composite number?
False
Is 1047077 a composite number?
False
Is 63809 composite?
False
Is 263927 composite?
False
Is 3697 prime?
True
Is 354839 a prime number?
True
Is 8457 prime?
False
Is 2508847 a prime number?
False
Is 522811 prime?
True
Is 80513 prime?
True
Is 23531 a composite number?
False
Is 21401 a prime number?
True
Is 3407 prime?
True
Is 177379 composite?
False
Is 137069 a prime number?
False
Is 11885 a composite number?
True
Is 7981 a composite number?
True
Is 290903 a prime number?
False
Is 1000171 prime?
True
Is 675163 prime?
True
Is 103073 a composite number?
True
Is 1711 prime?
False
Is 35474 a prime number?
False
Is 59611 a prime number?
True
Is 259247 a prime number?
False
Is 41443 a composite number?
False
Is 418862 composite?
True
Is 104887 a composite number?
True
Is 16069721 a composite number?
False
Is 526 composite?
True
Is 1455131 prime?
False
Is 506377 a composite number?
True
Is 58447 a prime number?
False
Is 987533 a composite number?
False
Is 68246 composite?
True
Is 165193 prime?
False
Is 207367 composite?
False
Is 1213 composite?
False
Is 208111 a prime number?
True
Is 11437 a composite number?
False
Is 269153 composite?
True
Is 39511 a prime number?
True
Is 158657 composite?
False
Is 10301 a prime number?
True
Is 476241 prime?
False
Is 72665 composite?
True
Is 26867 composite?
True
Is 130399 prime?
True
Is 4237 composite?
True
Is 97261 composite?
True
Is 81119 prime?
True
Is 4183 a prime number?
False
Is 97477 a prime number?
False
Is 6899 a composite number?
False
Is 226123 a composite number?
False
Is 6779 prime?
True
Is 7499 composite?
False
Is 3269 a prime number?
False
Is 3389 prime?
True
Is 1543 a prime number?
True
Is 570217 a prime number?
True
Is 4561 composite?
False
Is 44353 a composite number?
True
Is 204689 composite?
True
Is 33361 composite?
True
Is 385859 prime?
True
Is 820759 a prime number?
True
Is 456949 composite?
False
Is 77458 prime?
False
Is 1012493 prime?
False
Is 447001 a composite number?
False
Is 610851 prime?
False
Is 507247 prime?
False
Is 1801 prime?
True
Is 67159 prime?
False
Is 329402 a composite number?
True
Is 941245 prime?
False
Is 539447 a prime number?
True
Is 266587 a prime number?
True
Is 36433 a prime number?
True
Is 1556909 composite?
False
Is 24653 a composite number?
True
Is 540433 a prime number?
True
Is 5903 composite?
False
Is 4998491 composite?
True
Is 55021 composite?
False
Is 64781 a prime number?
True
Is 5251 a prime number?
False
Is 42191 a composite number?
True
Is 52339 a composite number?
True
Is 635515 composite?
True
Is 7729 a composite number?
True
Is 1925881 a prime number?
True
Is 187043 prime?
True
Is 1257562 prime?
False
Is 88699 a composite number?
True
Is 89491 a composite number?
False
Is 23117 prime?
True
Is 975785 a composite number?
True
Is 298063 prime?
True
Is 134399 composite?
False
Is 977 prime?
True
Is 25703 a prime number?
True
Is 17623 a composite number?
False
Is 22441 prime?
True
Is 2935 a composite number?
True
Is 3691 a prime number?
True
Is 207287 prime?
True
Is 197887 composite?
False
Is 107587 prime?
False
Is 389 prime?
True
Is 5519 composite?
False
Is 9173 prime?
True
Is 49103 prime?
True
Is 5167 a prime number?
True
Is 714619 a prime number?
True
Is 149857 a composite number?
True
Is 5657455 composite?
True
Is 9647 a composite number?
True
Is 435719 a prime number?
False
Is 21647 prime?
True
Is 471439 a prime number?
True
Is 111983 a prime number?
False
Is 10727 composite?
True
Is 21557 a prime number?
True
Is 94379 prime?
True
Is 9731 a composite number?
True
Is 90893 a composite number?
True
Is 1477127 composite?
False
Is 1673781 composite?
True
Is 214637 composite?
True
Is 5987 composite?
False
Is 152719 prime?
False
Is 409579 a composite number?
False
Is 191379 a composite number?
True
Is 1259399 a composite number?
True
Is 51967 a composite number?
True
Is 20649 a composite number?
True
Is 68711 a prime number?
True
Is 29301 composite?
True
Is 2810833 a composite number?
False
Is 23413 composite?
True
Is 40498 composite?
True
Is 56247 prime?
False
Is 29383 prime?
True
Is 29383 composite?
False
Is 253271 a prime number?
False
Is 36253 a prime number?
False
Is 117101 a prime number?
True
Is 686267 composite?
False
Is 11579 a prime number?
True
Is 17413 a prime number?
False
Is 28843 composite?
False
Is 360299 composite?
True
Is 174847 composite?
True
Is 16331 a composite number?
True
Is 8818 a prime number?
False
Is 1219 a composite number?
True
Is 1915021 composite?
True
Is 75079 prime?
True
Is 120503 composite?
False
Is 2477 prime?
True
Is 1836943 a prime number?
True
Is 4786531 composite?
True
Is 11303 a prime number?
False
Is 252761 composite?
False
Is 4535 prime?
False
Is 7691 a prime number?
True
Is 12687 a prime number?
False
Is 43847 a prime number?
False
Is 26141 prime?
True
Is 10007 a prime number?
True
Is 79049 composite?
True
Is 559 a prime number?
False
Is 116639 composite?
False
Is 72257 a prime number?
False
Is 485161 composite?
False
Is 329